 a multiple of 7?
True
Is 32693197 a multiple of 194?
False
Is 2673 a factor of 85767945?
False
Is 2522208 a multiple of 43?
True
Is 2473 a factor of 584218670?
False
Is 106842236 a multiple of 6623?
True
Is 1164 a factor of 274744740?
True
Is 32 a factor of 13186144?
True
Does 185 divide 756867375?
True
Does 22 divide 560848161?
False
Is 21874771 a multiple of 23?
True
Is 3291 a factor of 5679025293?
True
Does 18 divide 37472273?
False
Is 12 a factor of 1665074796?
True
Is 1132582 a multiple of 13?
False
Is 150574764 a multiple of 146?
True
Does 38 divide 502904654?
True
Is 395 a factor of 26101600?
True
Does 1990 divide 2155679440?
True
Is 41033925 a multiple of 1961?
True
Is 2161908 a multiple of 322?
True
Does 412 divide 6097188?
True
Does 14 divide 130655373?
False
Does 17 divide 503024?
False
Is 34242006 a multiple of 9?
False
Is 47 a factor of 9309712?
False
Is 1858 a factor of 1887200328?
True
Is 49916511 a multiple of 523?
False
Is 139 a factor of 1791292444?
True
Is 13 a factor of 1216584?
False
Is 169448058 a multiple of 234?
True
Is 9 a factor of 28408719?
False
Is 3 a factor of 10587169?
False
Does 41 divide 905444?
True
Is 201839261 a multiple of 4612?
False
Is 105817035 a multiple of 44?
False
Is 32 a factor of 71941952?
True
Is 18 a factor of 66995874?
True
Does 5540 divide 421666020?
True
Is 3930108 a multiple of 111?
False
Does 356 divide 28700008?
True
Is 12 a factor of 173799732?
True
Does 453 divide 2468712093?
False
Is 37 a factor of 1909309890?
True
Is 886890603 a multiple of 633?
True
Does 57 divide 9119537?
False
Is 94598579 a multiple of 721?
False
Does 90 divide 157008715?
False
Is 625255776 a multiple of 1032?
True
Is 890 a factor of 63589208?
False
Is 34 a factor of 7863783?
False
Is 962 a factor of 204227790?
True
Is 983 a factor of 637712403?
True
Does 139 divide 213041825?
True
Is 15 a factor of 358519617?
False
Does 62 divide 277722126?
False
Does 9 divide 1193859?
True
Does 684 divide 1095700284?
True
Is 2502467448 a multiple of 876?
True
Is 574649148 a multiple of 1594?
False
Does 96 divide 42245789?
False
Is 477 a factor of 4055971?
False
Is 16736006 a multiple of 14?
True
Is 3 a factor of 7462555?
False
Does 14 divide 65716249?
False
Is 14469975 a multiple of 1105?
True
Does 6 divide 441532968?
True
Is 2339 a factor of 339136288?
True
Does 164 divide 173006060?
True
Does 46 divide 715388688?
True
Does 594 divide 11529357?
False
Is 20 a factor of 51138975?
False
Is 269993111 a multiple of 2007?
False
Is 86498900 a multiple of 100?
True
Is 190994504 a multiple of 89?
False
Is 16 a factor of 137055602?
False
Is 16901140 a multiple of 109?
False
Is 648210846 a multiple of 395?
False
Is 679 a factor of 516908441?
True
Is 3714020 a multiple of 15?
False
Is 187249664 a multiple of 1208?
True
Is 176149166 a multiple of 221?
False
Is 723108488 a multiple of 2146?
False
Is 551669751 a multiple of 3?
True
Does 50 divide 3885582350?
True
Is 2503508440 a multiple of 10?
True
Is 24067529 a multiple of 2?
False
Does 31 divide 31451980?
True
Is 2726 a factor of 126899894?
False
Is 42351579 a multiple of 621?
True
Is 1430464 a multiple of 412?
True
Does 48 divide 35017728?
True
Is 676082 a multiple of 22?
True
Is 239384959 a multiple of 517?
True
Is 13 a factor of 58125184?
True
Does 33 divide 445614543?
True
Is 6708520 a multiple of 5?
True
Is 167710662 a multiple of 994?
True
Is 8 a factor of 26552424?
True
Is 143799687 a multiple of 9?
True
Does 366 divide 627714115?
False
Does 266 divide 17474201?
False
Is 409541794 a multiple of 15?
False
Does 523 divide 1332060603?
True
Does 1116 divide 52478091?
False
Is 3184 a factor of 611152880?
True
Does 15 divide 234485580?
True
Is 1885 a factor of 21496712?
False
Is 70 a factor of 1451016840?
True
Does 222 divide 64400543?
False
Is 1123614748 a multiple of 104?
False
Is 7 a factor of 1361221141?
True
Is 86 a factor of 36604762?
False
Is 44563596 a multiple of 308?
True
Is 262 a factor of 45761444?
True
Does 95 divide 34849895?
True
Is 2212498077 a multiple of 23?
False
Is 18 a factor of 908270873?
False
Is 12259 a factor of 867728797?
True
Is 1314636 a multiple of 213?
True
Is 6050676 a multiple of 22?
False
Is 103 a factor of 17544093?
True
Is 21 a factor of 765877161?
True
Is 17608085 a multiple of 300?
False
Is 38 a factor of 6422608?
True
Does 213 divide 780849157?
False
Is 814479928 a multiple of 589?
False
Does 59 divide 254579698?
False
Is 186407854 a multiple of 421?
True
Is 2776 a factor of 294240362?
False
Is 152491925 a multiple of 1185?
False
Does 5 divide 19568328?
False
Does 3226 divide 1320853440?
True
Is 14 a factor of 344670634?
True
Does 8 divide 42608288?
True
Does 11 divide 59674019?
False
Does 14 divide 49925134?
True
Is 5 a factor of 11765615?
True
Is 8073714 a multiple of 60?
False
Is 324484882 a multiple of 313?
False
Does 150 divide 61566150?
True
Does 159 divide 1689983787?
False
Is 865 a factor of 52030615?
True
Is 17384035 a multiple of 335?
False
Is 188992807 a multiple of 102?
False
Is 3 a factor of 41118628?
False
Does 133 divide 6967029?
False
Is 4425 a factor of 1543283168?
False
Is 337311402 a multiple of 27?
False
Does 17 divide 33241534?
False
Is 39 a factor of 168828851?
False
Is 637 a factor of 102217479?
True
Does 1210 divide 55018700?
True
Is 181440243 a multiple of 81?
True
Is 134220 a multiple of 27?
False
Does 381 divide 100322398?
False
Does 120 divide 3417428?
False
Does 33 divide 119278269?
True
Does 992 divide 33475160?
False
Does 662 divide 81715956?
True
Is 13 a factor of 2507795303?
True
Does 12 divide 1684221384?
True
Does 13 divide 1731848209?
True
Is 277496698 a multiple of 5?
False
Is 156687576 a multiple of 129?
False
Does 13 divide 49605166?
True
Is 1829087080 a multiple of 20?
True
Does 5025 divide 1773544486?
False
Is 55813555 a multiple of 1115?
True
Is 18 a factor of 77933114?
False
Does 1747 divide 4433500981?
False
Is 10097217 a multiple of 27?
True
Is 2178 a factor of 37700251?
False
Is 1271 a factor of 44399843?
True
Is 351 a factor of 1812581550?
True
Is 15 a factor of 326923675?
False
Is 66108706 a multiple of 9?
False
Is 524262596 a multiple of 52?
True
Is 541 a factor of 11247829?
False
Is 2524 a factor of 864025406?
False
Does 484 divide 447002556?
True
Is 81901022 a multiple of 14?
True
Is 12 a factor of 951360?
True
Does 247 divide 366785955?
False
Does 648 divide 201544200?
True
Does 10 divide 341766974?
False
Is 10036376 a multiple of 8?
True
Is 8 a factor of 14070904?
True
Does 49 divide 1263453?
False
Is 499 a factor of 52073978?
False
Is 4510160 a multiple of 13?
False
Is 366521361 a multiple of 448?
False
Does 5682 divide 969013962?
True
Is 17601910 a multiple of 1906?
True
Is 187 a factor of 448534661?
False
Does 5297 divide 235243437?
False
Does 362 divide 1735428?
True
Is 443992836 a multiple of 399?
True
Does 3005 divide 188052900?
True
Is 3723 a factor of 886872721?
False
Is 11 a factor of 794161218?
False
Does 3 divide 1063503?
True
Is 7744 a factor of 760843407?
False
Is 3178 a factor of 342929858?
False
Is 190077050 a multiple of 842?
False
Is 5523315176 a multiple of 56?
False
Is 73520990 a multiple of 5?
True
Is 21350797 a multiple of 683?
False
Is 27 a factor of 2083330791?
False
Does 120 divide 43371559?
False
Is 72435906 a multiple of 23?
False
Is 31 a factor of 157297882?
False
Is 1083 a factor of 151529028?
True
Does 3057 divide 113789930?
False
Is 12 a factor of 144720526?
False
Is 783623024 a multiple of 2100?
False
Does 605 divide 213259475?
True
Does 6 divide 69588881?
False
Is 97094236 a multiple of 1884?
False
Is 27 a factor of 734780?
False
Is 3219330 a multiple of 50?
False
Does 7 divide 164766?
True
Does 130 divide 174154240?
True
Is 35046288 a multiple of 710?
False
Does 47 divide 4042163583?
False
Is 11267258 a multiple of 2067?
False
Is 4711951 a multiple of 801?
False
Is 130452159 a multiple of 336?
False
Does 224 divide 58788800?
True
Is 141 a factor of 3625017222?
True
Is 13 a factor of 56176575?
True
Is 4454 a factor of 1898290346?
True
Is 866 a factor of 413438325?
False
Does 29 divide 346459581?
False
Is 29 a factor of 2276203649?
True
Is 19 a factor of 36675178?
False
Is 630 a factor of 20545560?
True
Is 2848 a factor of 206309479?
False
Is 100572512 a multiple of